 1. Let m(b) = -b**3 + 8*b**2 + 10*b - 1. Let g be m(9). Suppose 5*x - 30 = -2*n - n, -4*x = -4*n + g. Calculate k(x).
-7
Let x = 2 - 0. Let t(g) = 4*g**x + g**3 + g**2 + 7 + g - 3. Give t(-5).
-1
Let j(r) be the second derivative of 2*r + 0 + 0*r**2 - 1/24*r**4 + 1/30*r**5 + 1/6*r**3. Let d(a) be the second derivative of j(a). Calculate d(1).
3
Let o(n) = -3 + 3*n + 0*n**2 + n**2 + 0 - 2. Suppose -5*r = 4*g + 29, -2*g = -4*r + 3*g - 15. Calculate o(r).
5
Let r be (-24)/(-16)*8/3. Let d(q) = -q**2 + 7*q - 5. What is d(r)?
7
Let b(h) = -h**2 + 8*h - 7. Let k be b(7). Let o(d) = -d**2 - 1 - 2*d**2 - d**3 + 0 + k*d**3. Calculate o(-3).
-1
Let b(w) be the third derivative of -13*w**6/120 + w**5/30 - w**4/12 + w**3/6 - 5*w**2. Determine b(1).
-12
Let z(t) be the second derivative of t**3/6 + 3*t**2 - 2*t. Let b(r) = 2*r + 6. Let j be b(-5). What is z(j)?
2
Let q(o) be the second derivative of o**5/20 - 5*o**4/6 + 4*o**3/3 + 13*o**2/2 + 6*o. What is q(9)?
4
Let p(q) be the first derivative of 3*q - 1/3*q**3 + 1 - 3/2*q**2 + 1/4*q**4. Let w be p(2). Let y(v) = -5*v**2 - 2*v + 1. Give y(w).
-6
Let h(t) be the first derivative of t**3/3 - t**2/2 - t + 6. Let q be (8/(-6))/(4/(-6)). What is h(q)?
1
Let x(v) = v**2 + 5*v - 6. Let o be x(-7). Let q(u) = -u**3 + 8*u**2 + u - 4. Give q(o).
4
Suppose -6 = 3*m - 4*b, -3 = -2*m - 3*b + 10. Suppose 5*t - 9 = m*t. Let y(n) = -3*n**2 + t - 3*n + 5*n**2 + 2*n + n**3. Determine y(-3).
-3
Let j(o) = o. Let f be (0 - 7)/((-1)/17). Let d be f/35 - (-4)/(-10). Calculate j(d).
3
Suppose -5*v = -7*v + 12. Let j(b) = -b**3 + 6*b**2 + 4. Determine j(v).
4
Let n(m) = -m**2 + 3. Let u(x) = -x**3 - 2*x**2 - x + 4. Let z(o) = 3*n(o) - 2*u(o). Determine z(-2).
-15
Let l(x) be the first derivative of -5*x**2/2 + 5*x + 15. Determine l(4).
-15
Suppose 2*c + 10 = -4*n - 6, -4*c + 16 = -4*n. Let p(u) = u**3 + u**2 - 2. Calculate p(c).
-2
Let z be (-9 - -8)/((-2)/10). Suppose -c - 18 = -4*q, -3*c + z = -q + 2*c. Let s(t) = 0*t + t + 3*t**3 - 7 - 5*t**2 - 2*t**3. Determine s(q).
-2
Let d(k) = -7*k. Let g(r) = -13*r. Let w(o) = 5*d(o) - 3*g(o). Give w(-1).
-4
Let d(w) = w - 3. Let h be d(6). Let u(y) = 3 - y + 4 - 3 - 2. Calculate u(h).
-1
Let s be (-3)/(-6)*-2 - 10. Let p(k) = -9*k**3 + 27*k**2 + 27*k + 11. Let h(y) = 5*y**3 - 14*y**2 - 14*y - 6. Let w(j) = s*h(j) - 6*p(j). What is w(-7)?
7
Let m(r) be the third derivative of -r**5/120 - r**4/3 - 5*r**3/6 - 4*r**2. Let l(d) be the first derivative of m(d). Calculate l(-5).
-3
Let s(w) = -3*w + 1. Let l be s(2). Suppose -2*g + 17 = 3*k, -2*g = -k - 7*g + 23. Let y(r) = r + r**2 + 4*r**3 - 3*r**3 + 2 + k*r**2 + r**2. Give y(l).
-3
Let v(p) = 52*p. Let h be v(1). Suppose 0 = k + 4*w - 36, h - 8 = 3*k - 4*w. Suppose -k = 7*u - 2*u. Let d(f) = -f**2 - 3*f + 2. Determine d(u).
-2
Suppose -11 = -2*i - 0*i - x, 3*i = 4*x + 11. Suppose 1 = -i*k - 4. Let m(u) = -7*u**2 - 2*u - 1. Determine m(k).
-6
Suppose 3*w = 3*g - 0 - 6, -4 = -g. Let l(j) = 3*j - 1 - j**2 - 7*j**3 + 2*j**w - 2*j. What is l(1)?
-6
Let g(l) = 2*l**2 - 2*l - 3. Let k(o) = -4*o**2 + 3*o + 5. Let q(d) = -5*g(d) - 3*k(d). Give q(1).
3
Let w(q) = 4 + 5*q + 3 - 4 + 0. Calculate w(-2).
-7
Let d = 6 - 4. Suppose 3*u = 3*t - 3, 3*u + d + 13 = -3*t. Let s(k) = 2*k**2 + k - 2. Let p be s(t). Let m(g) = g**2 - 4*g + 1. Determine m(p).
1
Let k(m) = -2*m**3 - 2*m**3 + 2*m**2 + 5*m**3 + 1 + 0*m - m. Give k(-2).
3
Let g = 2 - -4. Suppose 4*t + g - 18 = 0. Let m(f) = 2*f**2 - 4*f + 5. Let c(z) = -z**2 + z. Let u(s) = t*c(s) + m(s). What is u(-4)?
-7
Suppose 26 = -7*d + 5. Let z(h) = h. Determine z(d).
-3
Suppose 0 = -3*f + 2*g - 12, f - 3*f - g = 15. Let c(r) = -r - 8. Give c(f).
-2
Let n be (-2)/4 - (-5)/(-2). Let f(k) = -5*k - 1. Give f(n).
14
Let c be (3/(-9))/(2/(-12)). Let s(v) = -2*v - 1 + 5 - 2*v**3 - c*v**2 + 3*v**3 - 2*v**2. What is s(3)?
-11
Let c(w) = -w**3 + 6*w**2 - 2*w + 5. Suppose 2*d - d = 4, 2*d = 2*q - 4. What is c(q)?
-7
Let k(b) = -b - 3. Suppose 0 = -2*w + 11 + 1. Suppose -2*u - u = w. What is k(u)?
-1
Let r(f) = -2*f**2 + 0*f**2 + 13*f - 12*f - 4 + f**2. What is r(0)?
-4
Let a(k) = k**3 + 4*k**2 - 6*k - 3. Let d be a(-5). Let x(i) be the first derivative of d + 1 + 1 - 3 + i**2. Determine x(-2).
-4
Let s be 1/(-2 - (-9)/5). Let n(y) = -3*y - 6. Calculate n(s).
9
Let t(w) = w**3 + w**2 - w - 1. Let y(x) = x**2 - x + 1. Let u(k) = -t(k) - y(k). Let b be (-2)/(-4) - (-28)/(-8). Calculate u(b).
3
Let j be -1 + 3*4/6*-1. Let h(b) = 2*b + 1. Determine h(j).
-5
Suppose 3*d = -0*d - 12. Let l(j) = 2*j - 1. Let f(m) = -5*m + 2. Let p(y) = f(y) + l(y). Calculate p(d).
13
Let h(s) be the first derivative of -s**5/20 + 3*s**2/2 + 2*s - 1. Let l(i) be the first derivative of h(i). Give l(0).
3
Suppose 3*q + 21 = -0. Let p(t) = -t**3 - 8*t**2 - 8*t + 3. Calculate p(q).
10
Let x be 1*3*(-4 + 5). Suppose 3 = x*v - 3. Suppose -z + 15 = v*z. Let l(q) = q. Give l(z).
5
Let z(y) = -y**2 + 3*y - 2. Let c(n) = -3*n**2 + 8*n - 5. Let v(s) = 4*c(s) - 11*z(s). Let m = 8 + -12. Determine v(m).
-10
Let h(a) = 5*a + 10. Let g(c) = 4*c + 9. Let j(y) = 6*g(y) - 5*h(y). Let k(i) = i**3 - 4*i**2 - 4*i - 5. Let z be k(5). Let o be 4 + (z - 1) - 0. What is j(o)?
1
Let g be (-9)/(-6)*4/3. Suppose 6 + 4 = g*o. Let c(n) = 6*n - 4*n**2 - 3 - 11*n - 2*n**3 + 3*n**3. Determine c(o).
-3
Let v(b) = -5 + 3 - 3*b + 1 - 1 + b**3 - 3*b**2. Suppose 0*z - 12 = -2*z. Let u be z - 4*(-2)/(-4). Calculate v(u).
2
Let k(a) = a**2 - 5*a. Suppose 4 = l - 2. Give k(l).
6
Let a(q) be the second derivative of -q**5/20 - 5*q**4/12 - 7*q**2/2 + 5*q. Calculate a(-5).
-7
Let j(b) = -b**3 + 24*b**2 - 23*b + 3. Let h be j(23). Let s(y) = -3*y + 4. What is s(h)?
-5
Let f(v) = -6*v**3 + 2*v**2 - 1. Let r = -2 + 10. Suppose -10*x = -r*x - 2. Calculate f(x).
-5
Let v = -13 - -4. Let f(l) = -l - 4. Let y(q) = -12*q - 51. Let u(z) = 4*z + 17. Let k(g) = 8*u(g) + 3*y(g). Let t(h) = v*f(h) + 2*k(h). Determine t(-5).
-3
Let t(g) = g**3 + 6*g**2 - 4*g + 7. Let q = -156 - -149. What is t(q)?
-14
Let i be -1 + (24 + -3)/3. Let f(s) = s**3 - 7*s**2 + 7*s - 7. Give f(i).
-1
Suppose -q = w - 7, q - 3*w + 2*w - 1 = 0. Let h(u) = -u**3 + 3*u**2 + 4*u - 3. What is h(q)?
-3
Let b = 4 - 11. Let m = -4 - b. Let y(f) = 5*f**3 + 1 - 5*f**2 + m*f**2 - 4*f**3. Calculate y(2).
1
Let q(n) = -n**3 - 6*n**2 - 2. Let s = -14 + 8. What is q(s)?
-2
Let z(g) = -10 - 41*g**2 + 4 + 43*g**2 + 5*g. Give z(-5).
19
Let a = 0 + 3. Suppose 2*m = 2*j - 2*m - 14, 17 = a*j - 4*m. Let i(l) = 2*l**2 - 4*l + 3. Give i(j).
9
Suppose -8 = -4*m + 4*u, -m = -6*m - 4*u + 10. Let z(o) = 0*o + m + 0*o + o. What is z(-2)?
0
Let f = 2 + 2. Suppose 0 = 7*p - f*p + 12. Let l(r) = r**3 + 2*r**2 - 4*r + 5. Give l(p).
-11
Let v(l) = l**2 + 2*l + 3. Let o(h) = h**2 + 8*h + 8. Let c be o(-6). What is v(c)?
11
Let o(r) = r**2 + r. Let t(q) = q**3 - 2*q**2 - 12*q - 4. Let p(v) = 6*o(v) + t(v). What is p(-5)?
1
Let n(j) = j**2 + 4*j - 1. Let v = -15 - -18. Suppose 7 - v = -3*q + 4*c, -4*q - 4*c = 24. What is n(q)?
-1
Let c(k) = -2*k**2 - 2*k + 2. Let h(o) = o**2 + 6*o + 11. Let q be h(-5). Suppose -q = -0*x + 2*x. Calculate c(x).
-10
Let t(s) = s**2 + s**2 - 10 - 3*s**2 + 0*s**2 + 11*s. Give t(10).
0
Let y be 12/9*(-9)/(-2). Let g(q) = -q + 0*q + y*q + q**2 + 5. Suppose -3*n + 2*n + 24 = -5*r, 0 = -2*r + 2*n - 8. Determine g(r).
5
Let n(f) be the first derivative of f**2/2 - 6*f + 3. Let x be (0 - -1)/((-2)/(-22)). Let v = x - 7. Calculate n(v).
-2
Suppose 0 = 2*y - 4*s - 14, -2*y - 3*y = 4*s + 7. Let b(l) = l**2 - 2*l. Give b(y).
-1
Suppose d + 38 = -4*i + 11, d = 4*i + 5. Let l = d + 16. Let c(b) = b**2 - 4*b - 6. What is c(l)?
-1
Let t(n) = n + 3. Let b(s) = 2. Let o(y) = -5*b(y) + 3*t(y). Let h(m) = m - 1. Let f be h(3). Give o(f).
5
Suppose -v + 4*l + 14 = 0, -12 = -2*v + l + 3*l. Let j = v - -7. Let h(z) = z**2 - 5*z - 7. What is h(j)?
-7
Let i = 5 + -1. Let b(c) = c - 4. Let p(k) = -3*k + 11. Let f(g) = -17*b(g) - 6*p(g). What is f(i)?
6
Let u be (6/4)/((-12)/(-16)). Let k = u - -1. Let r(m) = -m**3 + 4*m**2 - 2*m - 2. Determine r(k).
1
Suppose 0 = 2*p + 3*p + 75. Let r be 2/6 - (-80)/p. Let a(i) = 4*i**2 + 9*i + 9. Let q(g) = -9*g**2 - 19*g - 19. Let y(x) = -7*a(x) - 3*q(x). Calculate y(r).
-1
Suppose -2*j + 30 = 3*j. Suppose n - j = -